{"id":75,"date":"2017-12-07T12:20:09","date_gmt":"2017-12-07T11:20:09","guid":{"rendered":"http:\/\/www.ingridesign.hu\/?page_id=75"},"modified":"2021-01-02T13:58:09","modified_gmt":"2021-01-02T12:58:09","slug":"selyembe-szott-almok-versek","status":"publish","type":"page","link":"https:\/\/www.ingridesign.hu\/?page_id=75","title":{"rendered":"Selyembe sz\u0151tt \u00e1lmok &#8211; versek"},"content":{"rendered":"\n<p>A k\u00f6tet egy verses antol\u00f3giak\u00e9nt l\u00e1tott napvil\u00e1got, amelybe 10 versemet v\u00e1logatt\u00e1k be. K\u00f6nyvesbolti \u00e9rt\u00e9kes\u00edt\u00e9sbe nem ker\u00fclt.<\/p>\n","protected":false},"excerpt":{"rendered":"<p>A k\u00f6tet egy verses antol\u00f3giak\u00e9nt l\u00e1tott napvil\u00e1got, amelybe 10 versemet v\u00e1logatt\u00e1k be. K\u00f6nyvesbolti \u00e9rt\u00e9kes\u00edt\u00e9sbe nem ker\u00fclt.<\/p>\n","protected":false},"author":1,"featured_media":0,"parent":128,"menu_order":0,"comment_status":"closed","ping_status":"closed","template":"","meta":{"ngg_post_thumbnail":0,"footnotes":""},"class_list":["post-75","page","type-page","status-publish","hentry"],"_links":{"self":[{"href":"https:\/\/www.ingridesign.hu\/index.php?rest_route=\/wp\/v2\/pages\/75","targetHints":{"allow":["GET"]}}],"collection":[{"href":"https:\/\/www.ingridesign.hu\/index.php?rest_route=\/wp\/v2\/pages"}],"about":[{"href":"https:\/\/www.ingridesign.hu\/index.php?rest_route=\/wp\/v2\/types\/page"}],"author":[{"embeddable":true,"href":"https:\/\/www.ingridesign.hu\/index.php?rest_route=\/wp\/v2\/users\/1"}],"replies":[{"embeddable":true,"href":"https:\/\/www.ingridesign.hu\/index.php?rest_route=%2Fwp%2Fv2%2Fcomments&post=75"}],"version-history":[{"count":3,"href":"https:\/\/www.ingridesign.hu\/index.php?rest_route=\/wp\/v2\/pages\/75\/revisions"}],"predecessor-version":[{"id":334,"href":"https:\/\/www.ingridesign.hu\/index.php?rest_route=\/wp\/v2\/pages\/75\/revisions\/334"}],"up":[{"embeddable":true,"href":"https:\/\/www.ingridesign.hu\/index.php?rest_route=\/wp\/v2\/pages\/128"}],"wp:attachment":[{"href":"https:\/\/www.ingridesign.hu\/index.php?rest_route=%2Fwp%2Fv2%2Fmedia&parent=75"}],"curies":[{"name":"wp","href":"https:\/\/api.w.org\/{rel}","templated":true}]}}